-170)/(-25)).
13
Let y = -1638 + 1643. What is the remainder when 278 is divided by y?
3
Let p(h) = -19*h - 91. What is the remainder when 124 is divided by p(-7)?
40
Let a = 429 - 629. Let w = -59 - a. Calculate the remainder when w is divided by 36.
33
Let d(n) = -6*n**3 + 4*n**2 + 7*n - 9. Let w be d(-4). Let c = w + -239. What is the remainder when c is divided by 35?
32
Let f(p) = 17*p - 619. Calculate the remainder when 1317 is divided by f(39).
41
Suppose -10*f + f + 36 = 0. Suppose 0 = -36*k + 38*k - 52. Calculate the remainder when k is divided by f.
2
Suppose -17*d + 2140 = 457. What is the remainder when 155 is divided by d?
56
Let a(f) = f**2 + 8*f - 10. Let i be a(-10). Suppose i*m = 5*m + 150. What is the remainder when ((-6)/m)/((-1)/415) is divided by 17?
15
Calculate the remainder when 249 is divided by (-125)/(-15) - 1 - (-1)/(-3).
4
Suppose -2*o + 8 = 2*z, -3*o = -4*z + 2*o + 7. Suppose -z*n = -0*n - 57. What is the remainder when 55 is divided by n?
17
Let z be (0 + 1)/(7/((-42)/(-6))). Suppose -209 = -5*u - 54. Suppose y + y - z = -n, 4*n = y + u. Calculate the remainder when 20 is divided by n.
6
Calculate the remainder when (-110 + -1)/((-1304)/128 - -10) is divided by 35.
32
Suppose -3*a + x = 5*x - 93, -a - 2*x = -29. Calculate the remainder when 80 is divided by a.
10
Suppose -4*t = 4*z + 4, -5*z = 3*t + 1 + 2. What is the remainder when 0 + t + (-1 + 8 - -3) is divided by 0 + -2 - (-7 + 1)?
1
Let w = -143 + 83. Let a be 264/45 + (-8)/w. Let i = a - 1. Calculate the remainder when 8 is divided by i.
3
Suppose 0 = -27*k + 334 + 314. Calculate the remainder when k is divided by 9.
6
Let l(b) = 3*b + 7. Let i(a) = -4*a - 10. Let g(y) = -5*i(y) - 7*l(y). What is the remainder when g(-1) is divided by (69 + -67)*(6/(-21) + (-9)/(-7))?
0
Calculate the remainder when 48 is divided by (-128)/(-5) + (-2)/(-5).
22
Let o = -572 + 587. Calculate the remainder when 131 is divided by o.
11
Suppose 24*l + 50*l = 1628. What is the remainder when 725 is divided by l?
21
Suppose 42*y - 47*y + 55 = 0. Calculate the remainder when 86 is divided by y.
9
Let o = -4 + -9. Let g = -10 - o. What is the remainder when ((0 - g) + 21)*1 is divided by 7?
4
Suppose 1416*f + 1056 = 1438*f. Let b = 13 + 4. Calculate the remainder when f is divided by b.
14
Suppose 0*o + 3*o - 15 = 0, 3*t + o = 8. Let z = t + -7. Calculate the remainder when 2/z - (-582)/18 is divided by 11.
10
Suppose 0 = d - o - 143, 9*d = 4*d - 5*o + 705. Let w = 17 + 1. Calculate the remainder when (-2)/(-12)*3*d is divided by w.
17
Suppose -2*x + 0*x = j - 15, 4*j + 5 = 5*x. Suppose -29 = x*u - 74. Calculate the remainder when 32 is divided by u.
5
Suppose 66 = 2*b - 0*b + 2*v, -3*b = v - 97. What is the remainder when 49 is divided by b?
17
Let l(v) = 5*v + 57. What is the remainder when l(0) is divided by 31?
26
Suppose 0 = 5*u - 4*u + 2, -2 = -4*t - 5*u. What is the remainder when ((-1)/4)/((-2)/56) is divided by t?
1
Let y(i) = 4*i + 10. Let b be y(-7). Calculate the remainder when 2/3 + (-8)/b*57 is divided by 7.
5
Let f = 755 + -746. Suppose u - 10 = h + 5*u, -3*h + 5*u = -38. Calculate the remainder when f is divided by h.
3
Let g = 36 + -21. Suppose -3*i + 132 + 84 = 0. Calculate the remainder when i is divided by g.
12
Suppose -14*b + 1628 = -6912. What is the remainder when b is divided by 44?
38
What is the remainder when -21*12/(-168)*1088/6 is divided by 31?
24
Suppose 219*p - 240*p + 105 = 0. What is the remainder when 333 is divided by p?
3
Suppose 9*u = -997 + 331. Let w = -4 - u. What is the remainder when w is divided by 27?
16
Let r = 94 - 75. Suppose -2*f + r = -3*w, 0 = 4*f + w - 35 - 24. Calculate the remainder when f is divided by 8.
6
What is the remainder when ((-8)/(-6))/(3*(-14)/(-6678)) is divided by 10?
2
Let r(x) be the second derivative of -5*x**3/3 - 2*x**2 + 3*x. Let z be r(-3). Let n = z + -15. What is the remainder when 21 is divided by n?
10
Suppose -3*v = -v - 10, 4*v - 218 = -3*z. What is the remainder when z is divided by 23?
20
Suppose -14*u = -941 - 529. What is the remainder when 517 is divided by u?
97
Suppose -3*r - f = -135, -7*r = -6*r + 5*f - 45. Calculate the remainder when r is divided by ((-2)/(-2) - 0)*16.
13
Let p = -45 + 44. Calculate the remainder when ((-154)/(-33))/(p - (-41)/39) is divided by 24.
19
Let m(x) = -3*x - 1. Let u be m(-19). Suppose -u = -5*g + g. Calculate the remainder when 53 is divided by g.
11
Suppose 12*n - 110 = -26. Calculate the remainder when n is divided by ((-6)/2)/(-1*1).
1
Suppose -96 = -3*z + 636. Calculate the remainder when z is divided by 50.
44
Suppose 3 - 4 = -k. Suppose 4*i + 2*w - k = 3, -3*i - 5*w = 11. What is the remainder when 11 is divided by i?
2
Suppose 2*w - 6 - 10 = 0. Let i = 10 - w. What is the remainder when 3 is divided by i?
1
Suppose -10 = -3*b + 35. Let n(a) = a**2 + 7*a - 2. Let i = -12 - -4. What is the remainder when b is divided by n(i)?
3
Suppose 3*a = 4*q + 23, 3*a + 2 = -7. Let j(b) = -b**2 - 16*b - 7. Calculate the remainder when j(-14) is divided by (6/q)/((-7)/112).
9
Let p(i) = i**2 + 2*i - 5. Let v(j) = 10*j - 6. Let c be v(-2). Let o = c - -64. Calculate the remainder when o is divided by p(-5).
8
Calculate the remainder when 26 is divided by 12/3 + (5 - 2).
5
Suppose -14*t = -146 - 64. Calculate the remainder when 1558 is divided by t.
13
Suppose 0 = -3*h + 4*h - 14. Suppose 3*b + h = 44. What is the remainder when 23 is divided by b?
3
Let l(g) = g**2 - 3*g + 1. Suppose 10*y + 44 = -66. Let n(t) = t**2 + 7*t + 11. Calculate the remainder when n(y) is divided by l(-4).
26
Suppose -339 = -3*x + 480. Calculate the remainder when x is divided by 28.
21
Let l(v) = -v - 10. Let q be l(0). Calculate the remainder when 65 is divided by (1 - 10/6)/(q/495).
32
Suppose 0 = -9*d + 9 - 0. Suppose 3 + d = h, h + 26 = 2*f. Calculate the remainder when 23 is divided by f.
8
Let w = -1677 + 3654. What is the remainder when w is divided by 110?
107
Suppose -r - 2*g + 16 = -4*g, -5*g - 46 = -3*r. Let x = -3 - -1. Calculate the remainder when (2/(-3))/(x/99) is divided by r.
9
Suppose 0 = 4*s, 4*s + 36 = -4*v - 0*s. Let m = 13 + v. Suppose 4*p = -g + 3*p + 4, 56 = m*g - 4*p. Calculate the remainder when 25 is divided by g.
7
Let k = 60 - 54. Calculate the remainder when 242 - -2*k/4 is divided by 19.
17
Let t(u) = 61*u**2 - 7 - 62*u**2 - 14*u + 1. Let h be t(-13). What is the remainder when (-1 - h/(-2))*20 is divided by 13?
11
Suppose -10*a - 5*f = -14*a + 618, 4*f + 8 = 0. What is the remainder when a is divided by 51?
50
Let t = 15 + -10. Suppose -5*x + 72 = -c, 2*x - 5*c = 43 - 5. Calculate the remainder when x is divided by t.
4
Let z(l) = -10*l - 4. Let a be z(5). Let o = a + 72. What is the remainder when ((-44)/(-2))/(4/6) is divided by o?
15
Let t be (-4)/10*(-630)/3. Suppose 3*f = -f + t. Suppose -f = -h + 35. What is the remainder when h is divided by 19?
18
Suppose m + 0*m + 12 = 2*a, -5*m = a + 5. What is the remainder when 28 is divided by (2 + 3)*(a - 2)?
13
Let l be 2/11 - 75/(-11). Let j = l - 0. Let d = j - 4. Calculate the remainder when d is divided by 3.
0
Let h be 4 + -6 - -4 - -20. Let u = h + -12. What is the remainder when 27 is divided by u?
7
Calculate the remainder when 124/((-1)/((-3)/2)) is divided by 25.
11
Suppose -3*y + 3*z + 108 = 0, -8*z + 6*z - 2 = 0. Calculate the remainder when 158 is divided by y.
18
Let q be (-2 - -7) + 11 + -18. Calculate the remainder when 7/((-28)/8)*37/q is divided by 19.
18
Let f(b) = -2*b + 7. Let o be f(4). Let x(c) = 15*c**2 + c + 1. What is the remainder when 72 is divided by x(o)?
12
Let j(z) = -z - 47. Let x(b) = -1. Let u(n) = -j(n) - 3*x(n). What is the remainder when 232 is divided by u(9)?
55
Suppose -3*k + 169 = -2*i, -k - k - 2*i = -116. Suppose -4*f + 5*z + 99 = 0, -6*f + k = -3*f + 2*z. What is the remainder when 62 is divided by f?
20
Let o = 86 + -84. Suppose a + 3*a = o*v - 54, 0 = 3*v + 4*a - 71. What is the remainder when v is divided by 7?
4
Let o(a) = 5*a - 1. Let w be o(1). Let f be 1 - w - -2 - 1. What is the remainder when 48 is divided by (2 - f)*35/14?
8
Let s be 39/52 - 602/(-8). Let r = s + -74. What is the remainder when 29 is divided by r?
1
Suppose x - 2*x = -5*r + 70, x - 28 = -2*r